*u = -a + 146. Suppose 147*w - a = 145*w. What are the prime factors of w?
2, 17
Suppose -4*i + 14013 = 5*l, 4*i - 3208 = l + 10799. List the prime factors of i.
2, 17, 103
Let r(q) = 38570*q**2 + 236*q + 237. List the prime factors of r(-1).
3, 13, 23, 43
Suppose -3*c + 4693 = 2*f, -4*c = -28 + 40. List the prime factors of f.
2351
Let r = -24 - -11. Let c(y) = 62*y + 63*y + 5 - 127*y. What are the prime factors of c(r)?
31
Suppose n = -2*b + 22127, -17*n + 177100 = -9*n + 2*b. List the prime factors of n.
13, 131
Let i(w) = -2*w + 0*w**2 - w**2 + 33*w - 22 - 2*w. List the prime factors of i(24).
2, 7
Suppose -3*l - 325 = -4*r, 3*r + 5*l - 143 = r. Suppose 70*o = r*o - 6867. What are the prime factors of o?
7, 109
What are the prime factors of (62023 - -488) + 1*2?
11, 5683
Suppose -391034 = -161*h + 108*h. What are the prime factors of h?
2, 7, 17, 31
Suppose 19*s - 2085 - 3539 = 0. Suppose -a = -0*n + 2*n - 148, 2*a - s = 2*n. What are the prime factors of a?
2, 37
Let h(s) = 52*s + 1516. What are the prime factors of h(70)?
2, 1289
Let x be 6/(-4)*((-234)/(-27) - 10). Suppose 228 + 540 = x*r. List the prime factors of r.
2, 3
What are the prime factors of (2*39/(-24) + 4)/(6/170536)?
21317
Suppose -341 = p - 1043. Suppose -p*w + 700*w = -412. List the prime factors of w.
2, 103
Let f = 140 + -133. Let b(g) = 24*g + 39. List the prime factors of b(f).
3, 23
Suppose 270756 = -46*t + 51*t + o, -5*t = -2*o - 270783. What are the prime factors of t?
3, 11, 547
Let u = -2461 - -8038. Suppose -3*n + u = -2*y + 7*y, -3367 = -3*y - 7*n. What are the prime factors of y?
3, 7, 53
Let d(w) = -2*w**2 + 39*w - 43. Let c be d(18). Suppose -c*g - 3*n - 1833 = -14*g, -2*n = 5*g - 3090. What are the prime factors of g?
2, 7, 11
Suppose -161 - 3 = 2*b. Let k = -82 - b. List the prime factors of -1 - (7*(k - 1) + -4).
2, 5
Suppose 14*c - 4*c + 9240 = 0. Let b = c + 1051. List the prime factors of b.
127
Suppose 0 = -19*j + 17*j + 8148. Suppose 6*a = 1062 + j. What are the prime factors of a?
2, 107
Suppose -11*w - 19*w + 143748 = 42408. What are the prime factors of w?
2, 3, 563
Suppose -31 + 2 = -3*o + 5*h, -3*o - 7 = 4*h. Suppose 3*g = v - 332, 3*v - 417 - 555 = -o*g. List the prime factors of v.
2, 163
Suppose -28*u + 284032 + 478229 = 283*u. What are the prime factors of u?
3, 19, 43
Suppose k - 12 = -2*k, -3*k = -5*m - 2. Suppose m*g - 764 = -4*r + 4*g, 3*g - 977 = -5*r. List the prime factors of r.
193
Suppose -2*w = -4, -2*c + 21 = 3*c + 3*w. Let z(u) = 6*u**2 - u**c - 2 + 3 + 22*u - 15 - 3*u. What are the prime factors of z(8)?
2, 5
Let t be (-40)/(-32) + -1 + (-6)/(-8). List the prime factors of -2 + t - 2/(6/(-963)).
2, 5
Let f(g) = -g**3 - 15*g**2 + 551*g - 2. What are the prime factors of f(-34)?
2, 3, 269
Let f = -1593 + 728. Let y = f - -1617. List the prime factors of y.
2, 47
Suppose 9*u - 4993 = -763. Let y = -123 + u. What are the prime factors of y?
347
Let i(a) = -1075*a + 445. List the prime factors of i(-2).
3, 5, 173
What are the prime factors of (-7 + ((-524696)/12 - 1))/(22/(-33))?
65599
Let l = 30230 - 8913. List the prime factors of l.
21317
Suppose 3*v + 43 = 22. Let c(z) = 9*z**2 + 12*z + 31. List the prime factors of c(v).
2, 97
Suppose -5*s - 2*l + 249583 = 0, 115*l - 120*l - 5 = 0. List the prime factors of s.
3, 7, 2377
Let w = -295 - -491. Let r = 458 - w. List the prime factors of r.
2, 131
Let k = -12 - 8. Let h = k + 25. Suppose 0*r + h*q = -3*r + 59, -4 = -4*q. List the prime factors of r.
2, 3
Suppose 1822475 = 67*n + 550748. List the prime factors of n.
3, 19, 37
Suppose 3*g + 2*u = 6*g - 11842, 5*u = -5*g + 19745. What are the prime factors of g?
2, 3, 7, 47
Let p = 245 + -252. Let t(x) = 2*x**3 + 20*x**2 - 17*x. What are the prime factors of t(p)?
7, 59
Suppose 2*n - 366 = 250. Let f = 886 - n. List the prime factors of f.
2, 17
Let o be 70/(-28)*(-12)/(-10). What are the prime factors of 2892/5 - (13/(-5) - o)?
2, 17
Suppose -16 = -q - 3*q. Suppose -q*p = -0*p + 3*w - 878, 874 = 4*p + w. List the prime factors of p.
2, 109
Let s(g) = 189*g**2 + 46*g - 99. What are the prime factors of s(2)?
7, 107
Let f = 11621 - 3141. What are the prime factors of f?
2, 5, 53
Suppose 0 = 8*s + 3*s - 8558. Suppose 3*g - 424 = -z - 10, -2*z + 4*g = -s. What are the prime factors of z?
3, 7, 19
Let f(g) = 5*g**2 + 1. Suppose -48 = -2*i - 40. Let o be f(i). Suppose 6*n = 2*n + 2*w + 106, 3*n - w = o. What are the prime factors of n?
2, 7
Let p(a) = a**2 - 79*a + 2621. List the prime factors of p(-78).
14867
Let s(b) = b**2 - 7*b - 8. Let i be s(8). Let a be i/4*-1 + -1 - -25. Suppose z - 12 - a = 0. List the prime factors of z.
2, 3
Suppose -2*m = -100 + 64. Suppose 3*b + 2*d = 4251, -m*b + 19*b - 3*d = 1406. What are the prime factors of b?
5, 283
Suppose -38056*p + 2884739 - 33637 = -38018*p. List the prime factors of p.
75029
Suppose -k + 4 = -0*f - 3*f, 0 = 3*k - 4*f - 22. Suppose k = a - 6*a. What are the prime factors of (a/4)/(15/(-660))?
2, 11
Let p = -6805 - -9627. List the prime factors of p.
2, 17, 83
Let i = 8116 + -5043. What are the prime factors of i?
7, 439
Let r(c) = 601*c**3 + 8*c**2 + 2*c - 1. What are the prime factors of r(2)?
29, 167
Let y(n) = 1392*n - 483. What are the prime factors of y(8)?
3, 53, 67
Suppose -2*i + 2*j = -0*j + 28, -i - 39 = 4*j. What are the prime factors of 1989/5 - i/95?
2, 199
Suppose 194 + 19 = 71*r. Let v be 0*-1*(-2 + 1). Suppose 4*j - 3*s - 356 = -v*j, -r*j - s + 280 = 0. What are the prime factors of j?
2, 23
List the prime factors of 28752/10 - (672/105)/(-8).
2, 719
Let f(s) = -287*s - 1076. What are the prime factors of f(-12)?
2, 37
Suppose -82*j + 134*j + 207*j = 4696706. List the prime factors of j.
2, 9067
Let i = 65 - 26. Suppose -8*q + i = -1. Suppose 150 + 309 = 3*j + 2*f, 0 = -3*j + q*f + 480. List the prime factors of j.
5, 31
Suppose 0 = -i - 8*f + 20183 + 4286, -5*f - 122525 = -5*i. List the prime factors of i.
3, 8167
Suppose 112 = 7*i - 84. Let a be 120/i - 4/14. Suppose a*p - 40 = 4*m, -m = 4*p - 3*m - 40. List the prime factors of p.
2, 5
Let j(z) = -6*z**2 - 5*z - 6. Let k(n) = n - 1. Let b(f) = -j(f) - 4*k(f). Suppose 59*i - 15 = 56*i. What are the prime factors of b(i)?
3, 5, 11
Suppose 35*t - 17*t + 4644 = 0. Let b = 902 + t. What are the prime factors of b?
2, 7, 23
Let h(u) = -21*u + 9. Let v be 7 + 0 - (6/3 - -1). Suppose -t = -2*t - v, q + 4*t = -20. List the prime factors of h(q).
3, 31
Let z(v) = -89*v + 8. Let s(f) = 266*f - 24. Let q be -4 + -4 + 2*2/4. Let l(g) = q*z(g) - 2*s(g). List the prime factors of l(2).
2, 3, 29
Let i(v) = -128*v**2 - 8*v + 3. Let j(g) = -255*g**2 - 17*g + 6. Let b(k) = -13*i(k) + 6*j(k). List the prime factors of b(-2).
23
Let j be ((-57)/(-38))/((-4)/(-312)). Let v(x) = x**3 + 8*x**2 + 10*x + 5. Let q be v(-7). Let w = j + q. List the prime factors of w.
101
Suppose 74003 + 100427 = 10*l. What are the prime factors of l?
17443
Suppose 24*g = -33*g - 2*g + 290929. What are the prime factors of g?
4931
Let d(a) be the first derivative of 125*a**2/2 - 1. Suppose -2*l + 4 = p + 1, 0 = -5*l - 2*p + 7. What are the prime factors of d(l)?
5
Let h(d) = 432*d**2 + 49 - 4*d - 92 + 46. What are the prime factors of h(1)?
431
What are the prime factors of -5 + 4004 - ((-64)/(-48) - 13/3)?
2, 3, 23, 29
Suppose -n + 2*n + 79 = -3*c, 2*c - 260 = 4*n. Suppose -118 = -4*h - 590. Let s = n - h. List the prime factors of s.
3, 17
Let k be (-1254)/20 + 12/(-40). What are the prime factors of ((-3196)/(-6))/(14/k*-3)?
17, 47
Let f = 28 - 26. Suppose -r = 3, -r - 13 + 0 = -f*y. Suppose 2*j - 589 = -y*q, q = 2*j + 83 + 30. What are the prime factors of q?
3, 13
Suppose -12*n - 372*n + 3250876 + 10271684 = 0. What are the prime factors of n?
5, 7043
Let a(r) = 2*r**2 + 7*r + 4. Let x = 23 - 22. Let q be (10/8)/(x/4). List the prime factors of a(q).
89
Let c = 250301 + -169043. What are the prime factors of c?
2, 3, 29, 467
Suppose -795 = 2*r - 867. What are the prime factors of r?
2, 3
Suppose 543*l - 477*l - 2569644 = 0. List the prime factors of l.
2, 3, 7, 103
Let b be 186/(-31) + 2/(-1). List the prime factors of (19/(-3) - b)*339.
5, 113
Suppose 4*l + 4*a - 116 = 0, -75 = -4*l - 2*a + 31. Suppose 0 = -37*r + l*r + 16848. What are the prime fac